is divided by (z + -12)*(-2 - -33)?
27
Suppose -27*o = -11249 - 982. Calculate the remainder when o is divided by 24.
21
Suppose -4*z = -a - 3*a + 2944, -5*a - 3*z + 3712 = 0. Suppose -3*x - 198 = -5*g, 303*g - 300*g - 5*x = 122. Calculate the remainder when a is divided by g.
38
Let u = 49 + -46. Suppose 0 = u*o - 12*o + 63. Suppose -13*f = -o*f - 90. What is the remainder when f is divided by 6?
3
Suppose -3*y = 3*f - 75, 4*f + 1 = -7. Let i(k) = k**2 + 24*k - 17. Let j = 29 + -54. What is the remainder when y is divided by i(j)?
3
Let z(k) be the first derivative of -k**3/3 - 6*k**2 - 10*k + 22. Calculate the remainder when z(-6) is divided by 2*-5*(-3)/2.
11
Let s = -28956 - -29222. Calculate the remainder when 434 is divided by s.
168
Let z(d) = -18*d - 29. Let m be z(13). Let r = -245 - m. What is the remainder when 138 is divided by r?
12
Suppose -l + n = 4*l - 38, -4*n = -4*l + 24. Let g be (-185 + (0 - -5))*l/(-10). Suppose -g + 24 = -8*f. Calculate the remainder when f is divided by 9.
6
Let i = 2340 + -2313. What is the remainder when i is divided by 2?
1
Calculate the remainder when 6809 is divided by 59/8 + (-14)/((-2912)/(-78)).
5
Let d be ((-134)/(-8)*-2)/((-9)/(-18)). Let y = -41 - d. Suppose 5*c - 216 - 229 = 0. Calculate the remainder when c is divided by y.
11
Let j(c) = 24*c**2. Let m = 59 + -38. Suppose 13 = m*v + 34. Calculate the remainder when 58 is divided by j(v).
10
Let i = -17 + 11. Suppose 31*q - 14*q = -306. What is the remainder when 29 is divided by i*(-3)/q*-5?
4
Let r(q) = -q**3 - 22*q**2 - 52*q - 38. What is the remainder when r(-21) is divided by 26?
15
Suppose h - 4*p - 1 = 0, -16 = p - 13. Let b be -5 + (-1 - -4) - h. What is the remainder when 13 is divided by 10 + b/(36/(-8))?
5
Let o be 4/(-8)*12 + 14/(-1). Suppose -3*p + 0*f - 2*f + 113 = 0, -f + 118 = 3*p. What is the remainder when p is divided by ((-7)/14 + -2)/(o/112)?
13
Let w(g) = g + 28. Let h be w(-18). Calculate the remainder when 57 is divided by 5 + (-6 + h - 0).
3
Let v = 39350 - 39252. What is the remainder when 359 is divided by v?
65
Suppose 0 = 9*u + 5*u - 42*u + 1764. Calculate the remainder when 2013 is divided by u.
60
What is the remainder when 13541 is divided by 28/60*-3 + 4901/65?
73
Suppose 410*p = 22895 - 755. Calculate the remainder when p is divided by 28.
26
Let g(q) = 10*q**2 - q + 4. Let u be g(2). Suppose 85*m - u = 83*m. Calculate the remainder when 41 is divided by m.
20
Let u = 100 + -72. What is the remainder when 384 is divided by u/6*495/30?
76
Let p = 5125 + -4959. Suppose 24 = w - 10. Calculate the remainder when p is divided by w.
30
Let c(v) = v**2 + 81*v + 9. Let f(j) = 40*j + 5. Let x(b) = -2*c(b) + 5*f(b). Calculate the remainder when 42/63*(-123)/(-2) is divided by x(19).
6
Let z = 103 - 69. Suppose 459 = 5*n + z. Let y = 95 + n. Calculate the remainder when y is divided by 13.
11
Suppose 14*y - 44 = -8*y. Suppose -3*s - 13 = -2*t, y*s + 12 = 3*t - 0*s. Calculate the remainder when 33 is divided by t.
1
Calculate the remainder when 239 is divided by (-16 - -13) + 16 + 30/(-6).
7
What is the remainder when (2 - 5 - -9245)/(7 - 5) is divided by 34?
31
Let l = -34 - -39. Let d be 1/l - (-247)/65. Suppose 9*s = d*s + 200. What is the remainder when s is divided by 11?
7
Let s(g) = 132*g + 1213. Calculate the remainder when 70 is divided by s(-9).
20
Let t(i) = 2*i**3 - 6*i**2 + 2*i - 2. Let d be t(3). Suppose 3*b - b + o + 5 = 0, -o = d*b + 9. What is the remainder when 38 is divided by 36/2 + (4/b - -4)?
18
Let t(y) = 2*y**3 - 56*y**2 + 57*y - 69. Calculate the remainder when 3453 is divided by t(27).
9
Suppose -33 = -3*m, 0 = -4*s - m + 223 + 535 + 201. Suppose 0 = -4*z - 5*x + 105, -2*x + 114 = z + 3*z. What is the remainder when s is divided by z?
27
Suppose 3*v - 1611 = -5*w, -5*v + 816 = 4*w - 1869. What is the remainder when v is divided by 183?
171
Suppose 3*w = 22*w + 2438 - 2704. What is the remainder when (495/12)/((-1)/(-4)) is divided by w?
11
Let h(o) = 40*o**2 - 2*o + 1. Suppose -27457 - 52241 = -1094*x + 17*x. Calculate the remainder when x is divided by h(1).
35
Let a(r) = 5*r**3 - 173*r + 524. What is the remainder when 685 is divided by a(3)?
125
Suppose -1838 = -5*o - 3*t + 1347, t - 637 = -o. Calculate the remainder when 1918 is divided by o.
7
Let j = 4663 + -4040. What is the remainder when j is divided by 49?
35
Let k(s) = 20*s - 46. Let f be k(2). What is the remainder when ((-7272)/(-32))/9 - f/8 is divided by 6?
2
Let l(z) = 5*z**2 - 4*z + 2. Suppose 4*o - 68 = -0*o. Let t = 19 - o. What is the remainder when 23 is divided by l(t)?
9
Let p = -6920 + 6930. Calculate the remainder when 1075 is divided by p.
5
Suppose -35*g + 1701 = -8*g. Calculate the remainder when 245 is divided by g.
56
Let t(o) = -18*o - 180. Let y be t(-10). Suppose 3*m - 3*w - 100 - 101 = y, 3*w = 9. Calculate the remainder when 203 is divided by m.
63
Suppose 5*a + 3*q - 228 = 2596, -q = -2*a + 1145. What is the remainder when a is divided by 38?
37
Suppose -4*y = -2*r + 52 - 334, 3*r + 151 = 2*y. Let k be ((-5)/(25/20))/((-13)/260). Let v = k - y. Calculate the remainder when 46 is divided by v.
10
Suppose -5*v + 229 = -2*a + a, -94 = -2*v - 2*a. Calculate the remainder when 6/(-9) - (-1102)/6 is divided by v.
45
Let h = -5342 + 5358. Let f(w) = -6*w + 8. Suppose 22 = -5*c + 2, 2*i + 5*c + 32 = 0. Calculate the remainder when f(i) is divided by h.
12
Suppose 7*o - 233 = -63*o - 163. Suppose 2*y - 51 = -11. Calculate the remainder when y is divided by o.
0
What is the remainder when 507 is divided by (-2)/(1164/132 + -9)?
1
Let t be 3 - 15/(-12)*-4. Let l(z) = 4*z**2 + 14*z + 32. Let n(o) = -57*o**3 + 2*o + 1. What is the remainder when n(-1) is divided by l(t)?
16
Suppose 14*h = 9*h - 4*c + 68, -29 = -2*h - c. Suppose 0 = o - 3*z - h, 2*z - 25 = -3*z. What is the remainder when 54 is divided by o?
23
Let a be (-10)/45 + 6/27. Suppose -2*s - 2*s = -260. Calculate the remainder when s is divided by (a/3)/(-2 - 0) - -17.
14
Suppose 48 = -7*q + 3*q. Suppose 4*c - 94 + 26 = 0. Calculate the remainder when c is divided by 2 - -1 - q/(6 + -2).
5
What is the remainder when 1498 is divided by (3915/20)/3 + 4/(-112)*7?
3
Let j(p) = 85*p**2 - 17*p - 36. Suppose 40 = 2*o - 4*d, -2*o - 2*d - 40 = -4*o. What is the remainder when j(-2) is divided by o?
18
Suppose 2*y = 2*p - 2061 - 627, -y = p - 1336. What is the remainder when p is divided by 22?
20
Suppose -5*u - 5*c = -19 - 96, 4*c - 56 = -2*u. Let o = 64 - 35. Calculate the remainder when (-334)/(-6) + 3*2/u is divided by o.
27
Let n(b) = 13*b - 58. Let m be n(5). Suppose 0 = a - m*a + 978. Calculate the remainder when a is divided by 55.
53
Let h = 32 - 33. Let k be (h/((-8)/66))/((-57)/(-152)). Calculate the remainder when 93 is divided by 0 + -1 + (k - -3).
21
Suppose -52*k - 363 = -123330 - 73489. What is the remainder when k is divided by 54?
52
Let q = -211 - -216. Calculate the remainder when q/35 - (-2130)/35 is divided by 48.
13
Suppose -16*x - 4*x = 1080. Calculate the remainder when 77 is divided by 18*1 + (x/(-6) - 14).
12
Let w = 216 - 211. Suppose 4*r = 2*l - 260, w*l - 548 = l + r. What is the remainder when l is divided by 14?
12
Let i(f) = -30*f + 4195. Calculate the remainder when i(-123) is divided by 161.
157
Let t(v) = -v**2 + 18*v - 12. Let g(x) = -12*x + 132. Let b be (-41 + 32)*2/(-2). Calculate the remainder when t(8) is divided by g(b).
20
Let m(d) = 30*d**2 - 658*d - 701. Suppose -2*t - 4*u + 2*u + 894 = 0, -3*u - 15 = 0. Calculate the remainder when t is divided by m(23).
32
Suppose 5*a - 22 = 3*o - 4*o, 40 = o - 4*a. Suppose 33*j - 70 = o*j. Suppose -j - 2 = -3*s. What is the remainder when s is divided by 13?
11
Suppose 156 = 4*k - 4*h, 192 = 5*k + h - 5*h. Let s = 88 - 90. Calculate the remainder when (s - (-1015)/(-10))*(-4)/6 is divided by k.
33
Suppose 33*h - 227515 + 846112 = 114*h. What is the remainder when h is divided by 38?
37
Let c(q) = 17*q - 25. Suppose -2*d = 4, -6*d + 2*d + 31 = 3*f. What is the remainder when c(12) is divided by f?
10
Suppose -2*p - 3*t + 11 = 0, -2*p - 2*p + t = -15. Suppose f + 0 = 3, -3*m = -p*f + 30. What is the remainder when (-5)/((10/m)/5) - -2 is divided by 10?
7
Suppose -5*x + 2*x + 4092 = -3996. 